uppose -4*f + 837 + 131 = 5*k, 4*k + f - 770 = b. What is the highest common divisor of k and 32?
32
Let j = -400 + 1588. Let n be 2/(-4) - j/(-24). Let c = n + -34. What is the highest common factor of c and 150?
15
Suppose -20*k + 25*k + t = 472, 2*t = 3*k - 304. What is the highest common factor of 24096 and k?
96
Suppose 3*j - 90 = -72. Suppose j*z + z - 308 = 0. Calculate the highest common divisor of z and 154.
22
Suppose -5*u - 1822 = 3*m, -3*m + 3*u - 258 - 1548 = 0. Let y = -596 - m. What is the highest common divisor of 8 and y?
8
Let c be (6/4)/((-27)/36). Let y be 81*((-6)/9 - c). Let t = -92 + y. Calculate the greatest common divisor of 4 and t.
4
Suppose 0 = 20*u - 12*u + 2584. Let y = u - -337. Calculate the highest common divisor of 266 and y.
14
Let f = -154 + 556. Suppose f + 366 = 12*i. Let q(b) = -b**3 - 7*b**2 - 10*b - 8. Let h be q(-6). Calculate the greatest common factor of h and i.
16
Suppose 8*c - 4256 = -6*c. Let h(z) = z**3 - z**2 + z - 14. Let q be h(4). Calculate the highest common factor of q and c.
38
Let q(b) = b**3 + 17*b**2 + 4*b - 26. Let f be q(-8). What is the highest common divisor of f and 407?
37
Let r(k) = 0*k - 5*k - 3 - 2*k**3 - 2*k**2 + k. Let w be r(-3). Let s = 199903 + -199885. What is the highest common divisor of w and s?
9
Suppose -10*u + 3514 = -1506. Let t = -437 + u. Calculate the highest common divisor of 143 and t.
13
Suppose 3*s = 4 + 14. Suppose 4*i = -z + s - 0, -3*z + 2 = -4*i. Let a = 6695 + -6687. Calculate the highest common divisor of a and i.
1
Suppose 2*o = 5*c + 114, 5*o - 35 = c + 227. Let g(u) = -u**2 + 15*u - 32. Let d be g(12). What is the highest common factor of d and o?
4
Let p be (-17 + 325 - 8) + -14. What is the greatest common divisor of 154 and p?
22
Let h(i) = -i**2 + 13*i + 53. Let g be h(16). Suppose -t + 6 = -0*w - g*w, -3 = -4*t - w. Calculate the highest common factor of 29 and t.
1
Let a(n) = -n**3 + 7*n**2 - 9*n - 3. Let b be a(5). Suppose i = -b + 11. Calculate the highest common divisor of i and 81.
9
Suppose -12*p - 8 + 32 = 0. Suppose 5*y + 42 = 2*s + 9, 2*y = -2*s - p. Suppose -s*b - 2 = -90. What is the highest common divisor of b and 88?
22
Let m(c) = -634*c - 918. Let r be m(-2). Calculate the greatest common divisor of 560 and r.
70
Let j(g) = 9*g + 459. Let h be j(24). What is the greatest common factor of h and 297?
27
Let i = 904 - 859. Let t be 108/243 + (-3101)/(-9). Calculate the highest common divisor of i and t.
15
Let x(t) = 3*t**2 + 74*t - 15. Let l(m) = -2*m**2 - 50*m + 10. Let q(i) = 7*l(i) + 5*x(i). Let h be q(-23). Calculate the highest common divisor of 16 and h.
16
Let s(a) = -7*a - 51 + 4*a - 4*a. Let g be (-4)/9*3 + (-338)/39. Let x be s(g). What is the highest common factor of x and 38?
19
Let n = 35290 + -35002. Suppose -5*w = -3*l + 8, 2*l + 7*w - 18 = 4*w. Calculate the greatest common factor of l and n.
6
Let l(z) = -z**3 + 2*z**3 - 255 + 398 + 50*z - 51*z**2. Let a be l(50). Calculate the highest common factor of 13 and a.
13
Let d(s) = -2*s**3 + 21*s**2 + 181*s - 3. Let z be d(16). Calculate the highest common divisor of 14 and z.
7
Let t be (2 + 4/(-12))*(16 + 23). Calculate the greatest common factor of 5980 and t.
65
Suppose 11*w = -99*w + 1210. Let n(r) = 231*r. Let m be n(2). What is the greatest common factor of m and w?
11
Suppose 24*s + 770 = 35*s. What is the greatest common divisor of s and 70?
70
Let r = -20 + 32. Let m(g) = g**3 + 5*g**2 + 11*g + 4. Let s be m(-2). Let h be -16 + (-7280)/(-96) - 1/s. What is the greatest common divisor of r and h?
12
Suppose -955*n = -5*r - 959*n + 2690, 2*n - 1078 = -2*r. What is the greatest common divisor of r and 48?
6
Suppose -876*n + 877*n - 96 = 0. Suppose 0 = -6*i + i + 30. Suppose 3*v = i + 30. Calculate the highest common divisor of n and v.
12
Suppose 690 = 5*z - 3*k, 4*k = 2*z + 7*k - 255. Suppose 2*q + 8 = 4*q. Suppose 65 = q*t - 151. What is the highest common divisor of z and t?
27
Let g = 1975 + -1062. Let j = 117 - 34. What is the highest common divisor of g and j?
83
Let d(i) = 3*i**3 - 7*i**3 + 2*i + 48*i**2 - 46*i**2. Let s be d(-2). Let l(a) = a - 2. Let o be l(6). Calculate the greatest common factor of o and s.
4
Let z(g) = g**2 + 13*g. Let n(o) = -15*o + 1. Let j(f) = 4*n(f) + 6*z(f). Let h be j(-5). Calculate the greatest common factor of 512 and h.
64
Let q be (78 - -7)*59/(-3)*(-6 - -3). Calculate the greatest common divisor of q and 136.
17
Suppose 4*i + 3*q = -q + 132, 3*i + 5*q = 109. Let m be i/(-20) - -1 - (-434)/35. Calculate the greatest common divisor of 174 and m.
6
Suppose -126*d = -129*d. Suppose d = -51*x + 46*x + 5325. Calculate the highest common divisor of x and 15.
15
Let h = -9902 + 9906. What is the highest common divisor of h and 400?
4
Let s be 1620/(-144)*(0 - 24). What is the greatest common factor of s and 130?
10
Let h be (2/3)/((-4)/(-18)). Let w = h + -2. Suppose 3 = 3*f - 3*y, 4*f + 23*y - 18*y - 31 = 0. Calculate the highest common divisor of w and f.
1
Let w = 2103 + -1513. What is the greatest common divisor of 70 and w?
10
Suppose 39*h - 38*h - 3 = 0. Suppose -h*l - 413 = -3*j + 2*l, 546 = 4*j - 2*l. Calculate the highest common factor of 34 and j.
34
Suppose 5*d - 1535 = -5*g, 27*d - 31*d + 1223 = -g. Let a be 1066/6 + d/27 + -11. What is the greatest common divisor of 2 and a?
2
Let y(t) = -2*t**2 - 71*t - 83. Let c be y(-34). Suppose c*o = 2*o + 2295. Calculate the highest common divisor of o and 30.
15
Suppose -18*r + 1145 = 677. Calculate the highest common divisor of r and 338.
26
Suppose 18*i = 23*i - 25. Suppose -i*v - 185 = -5*f, 7*f + v - 43 = 6*f. Suppose -9 = g - f. Calculate the greatest common factor of 93 and g.
31
Suppose 4806 + 1003 = 20*a - 1631. What is the highest common factor of 66 and a?
6
Let r be 324/7 - 18/63. Calculate the greatest common factor of r and 5842.
46
Suppose 3*l + l = 4*m + 100, 0 = 4*l - 3*m - 98. Let u = l + 10. Let w = 39 - 28. What is the highest common factor of u and w?
11
Suppose 407 = 3*v - 157. Suppose -5*w = -66*w + 14335. Calculate the greatest common factor of v and w.
47
Let z = 277716 + -277291. Let k = 58 + 17. Calculate the greatest common divisor of z and k.
25
Suppose 7*k - 175 + 168 = 0. Let u = 33 - k. What is the highest common factor of u and 8?
8
Let l = -8 + 24. Let s(x) = -x**2 + 5*x + 48. Let d = 55 - 55. Let i be s(d). Calculate the highest common divisor of i and l.
16
Suppose 63*m - 740 = 100*m. Suppose -4*f + 13 = -203. Let y = f + m. Calculate the highest common factor of 85 and y.
17
Suppose -3*x + 135 = -5*r, 0 = 4*x + 4*r - r - 180. Let m be (-5754)/(-105) - (-8)/(-10). What is the highest common divisor of m and x?
9
Let r be 24/9*9/6. Suppose 54 = 4*z + p + 12, r*z = -2*p + 44. Calculate the greatest common factor of 190 and z.
10
Suppose 910*f = 458*f + 454*f - 162. What is the highest common divisor of 1143 and f?
9
Let u(w) be the third derivative of -19/24*w**4 + 0*w - 8*w**2 + 0 + 2/3*w**3 - 1/60*w**5. Let v be u(-19). What is the highest common factor of 36 and v?
4
Suppose k = -0*k - 4, 2*t = k + 1664. Suppose -4*v - 5*r = -1648, 7*v - 4*r = 9*v - t. Calculate the greatest common divisor of v and 11.
11
Let a be (-227 - (-8 - 3/(24/(-16))))/(-1). What is the greatest common divisor of a and 2054?
13
Let d(m) = 9*m**2 - 93 + 63 - 17*m - 2*m**2 + 4*m**2 + m**3. Let b be d(-12). What is the greatest common divisor of 150 and b?
30
Suppose -9*h + 73 + 25 = 35. Calculate the greatest common divisor of h and 357.
7
Let p(l) = l**2 - 17*l - 15. Let j be p(18). Suppose 2*h = 4*x + 316, -629 = -j*h + x - 170. Calculate the greatest common factor of 8 and h.
8
Let r be ((-14)/(-8))/(8/64). Let b be ((-88)/77)/((-4)/r). Suppose -3*j + 210 = q - b*q, 0 = -3*j - q + 190. Calculate the greatest common divisor of 26 and j.
13
Let a(m) = 2*m**3 + 232*m**2 + 5*m + 627. Let c be a(-116). What is the highest common factor of 517 and c?
47
Let a(d) = -6*d + 217. Let g be a(-46). What is the greatest common factor of g and 29?
29
Let l be (-133)/28*2*-2. Let p = 22 - l. Suppose -3*z + 240 = 213. What is the highest common divisor of p and z?
3
Let u(f) = f**2 - 8*f + 7. Let x be u(7). Suppose x*m = -4*m + m. Suppose 0 = -m*g - 4*g + 32. What is the greatest